{"id":83,"date":"2022-04-15T20:10:21","date_gmt":"2022-04-15T20:10:21","guid":{"rendered":"https:\/\/icbab.azurewebsites.net\/?page_id=83"},"modified":"2025-06-11T03:36:37","modified_gmt":"2025-06-11T03:36:37","slug":"o-nama","status":"publish","type":"page","link":"https:\/\/icbab.org\/index.php\/o-nama\/","title":{"rendered":"O nama"},"content":{"rendered":"\n<p><strong>Islamska Zajednica Bo\u0161njaka Bay Area \u2013 D\u017eemat San Jose<\/strong> je zajednica koji djeluje na podru\u010dju Bay Area sa destinacijom u San Jose. D\u017eemat je formiran 1997 godine, a zvani\u010dno registrovan kao neprofitna organizacija 2003 godine. Broji oko hiljadu \u010dlanova i sastavni dio je Med\u017elisa 1 \u2013 West Islamske zajednice Bo\u0161njaka Sjeverne Amerike.<\/p>\n\n\n\n<p>Predsjednik d\u017eematskog odbora je Senad Osmanovi\u0107.<\/p>\n\n\n\n<p>Na skup\u0161tini od\u017eanoj 11.decembra izabran je novi d\u017eematski odbro koje \u0107e predstavljati zajednicu naredne \u010detiri godine i to:<\/p>\n\n\n\n<ol class=\"wp-block-list\">\n<li><strong>SENAD OSMANOVI\u0106<\/strong> &#8211; Predsjednik d\u017eematskog odbora<\/li>\n\n\n\n<li><strong>ZIJAD ME\u0160INOVI\u0106<\/strong> &#8211; Potpredsjednik d\u017eematskog odbora<\/li>\n\n\n\n<li><strong>MUHAMED&nbsp;\u010cAU\u0160EVI\u0106 <\/strong>&#8211; Finansijski savjetnik, Board of Director<\/li>\n\n\n\n<li><strong>SAMEDIN-EF. BAJRI\u0106<\/strong> &#8211; Imam, \u010dlan d\u017eematskog odbora<\/li>\n\n\n\n<li><strong>ELVEDIN SELIMOVI\u0106<\/strong> &#8211; \u010dlan d\u017eematskog odbora<\/li>\n\n\n\n<li><strong>MIRZA \u0160ABANOVI\u0106 <\/strong>&#8211; \u010dlan d\u017eematskog odbora<\/li>\n\n\n\n<li><strong>JASMIN HUSEINOVI\u0106<\/strong> &#8211; \u010dlan d\u017eematskog odbora<\/li>\n<\/ol>\n\n\n\n<p>Imam u d\u017eematu je prof. Samedin-ef.Bajri\u0107, projekt manager i sekretar zajednice je Msc.Tarik Omerhod\u017ei\u0107. <\/p>\n\n\n\n<figure class=\"wp-block-gallery has-nested-images columns-default is-cropped wp-block-gallery-1 is-layout-flex wp-block-gallery-is-layout-flex\">\n<figure class=\"wp-block-image size-large\"><img decoding=\"async\" data-id=\"1141\" src=\"\/wp-content\/uploads\/2022\/12\/resize_SENAD-OSMANOVIC.png\" alt=\"\" class=\"wp-image-1141\"\/><figcaption class=\"wp-element-caption\">Senad Osmanovic<\/figcaption><\/figure>\n\n\n\n<figure class=\"wp-block-image size-large\"><img decoding=\"async\" data-id=\"1148\" src=\"\/wp-content\/uploads\/2022\/12\/ZijadMesinovic.png\" alt=\"\" class=\"wp-image-1148\"\/><figcaption class=\"wp-element-caption\">Zijad Mesinovic<\/figcaption><\/figure>\n\n\n\n<figure class=\"wp-block-image size-large\"><img decoding=\"async\" data-id=\"1146\" src=\"\/wp-content\/uploads\/2022\/12\/Muhamed-Causevic.png\" alt=\"\" class=\"wp-image-1146\"\/><figcaption class=\"wp-element-caption\">Muhamed Causevic<\/figcaption><\/figure>\n\n\n\n<figure class=\"wp-block-image size-large\"><img decoding=\"async\" data-id=\"1147\" src=\"\/wp-content\/uploads\/2022\/12\/Mirza-Sabanovic.png\" alt=\"\" class=\"wp-image-1147\"\/><figcaption class=\"wp-element-caption\">Mirza Sabanovic<\/figcaption><\/figure>\n\n\n\n<figure class=\"wp-block-image size-large\"><img decoding=\"async\" data-id=\"1145\" src=\"\/wp-content\/uploads\/2022\/12\/Jasmin-Huseinovic.png\" alt=\"\" class=\"wp-image-1145\"\/><figcaption class=\"wp-element-caption\">Jasmin Huseinovic<\/figcaption><\/figure>\n\n\n\n<figure class=\"wp-block-image size-large\"><img decoding=\"async\" data-id=\"1165\" src=\"\/wp-content\/uploads\/2023\/01\/Elko2-822x1024.png\" alt=\"\" class=\"wp-image-1165\"\/><figcaption class=\"wp-element-caption\">Elvedin Selimovic<\/figcaption><\/figure>\n<\/figure>\n\n\n<div class=\"wp-block-image\">\n<figure class=\"aligncenter size-full is-resized\"><img loading=\"lazy\" decoding=\"async\" width=\"1008\" height=\"756\" src=\"https:\/\/icbab.org\/wp-content\/uploads\/2022\/12\/resize_IMG_0110-1.jpeg\" alt=\"\" class=\"wp-image-1107\" style=\"width:756px;height:567px\" srcset=\"https:\/\/icbab.org\/wp-content\/uploads\/2022\/12\/resize_IMG_0110-1.jpeg 1008w, https:\/\/icbab.org\/wp-content\/uploads\/2022\/12\/resize_IMG_0110-1-300x225.jpeg 300w, https:\/\/icbab.org\/wp-content\/uploads\/2022\/12\/resize_IMG_0110-1-768x576.jpeg 768w\" sizes=\"auto, (max-width: 1008px) 100vw, 1008px\" \/><\/figure>\n<\/div>\n\n\n<div class=\"wp-block-columns is-layout-flex wp-container-core-columns-is-layout-9d6595d7 wp-block-columns-is-layout-flex\">\n<div class=\"wp-block-column is-layout-flow wp-block-column-is-layout-flow\" style=\"flex-basis:100%\">\n<figure class=\"wp-block-gallery has-nested-images columns-default is-cropped wp-block-gallery-2 is-layout-flex wp-block-gallery-is-layout-flex\">\n<figure class=\"wp-block-image size-large\"><img decoding=\"async\" data-id=\"1160\" src=\"\/wp-content\/uploads\/2023\/01\/SamedinPR-768x1024.png\" alt=\"\" class=\"wp-image-1160\"\/><figcaption class=\"wp-element-caption\">IMAM <br>Samedin ef. Bajri\u0107 M.Th.<\/figcaption><\/figure>\n\n\n\n<figure class=\"wp-block-image size-large\"><img decoding=\"async\" data-id=\"1158\" src=\"\/wp-content\/uploads\/2023\/01\/TarikPR-881x1024.png\" alt=\"\" class=\"wp-image-1158\"\/><figcaption class=\"wp-element-caption\">Project Manager &amp; Secretary<br>Tarik Omerhodzic M.Sc.<\/figcaption><\/figure>\n<\/figure>\n<\/div>\n<\/div>\n\n\n<div class=\"wp-block-image\">\n<figure class=\"aligncenter size-large is-resized\"><a href=\"https:\/\/icbab.org\/wp-content\/uploads\/2022\/04\/cropped-LOGO-SAN-JOSE-RMBC-1-2-2048x247.png\" target=\"_blank\" rel=\"https:\/\/icbab.azurewebsites.net\/wp-content\/uploads\/2022\/04\/cropped-LOGO-SAN-JOSE-RMBC-1-2048x247.png noopener\"><img decoding=\"async\" src=\"\/wp-content\/uploads\/2022\/04\/cropped-LOGO-SAN-JOSE-RMBC-1-1024x124.png\" alt=\"\" class=\"wp-image-60\" style=\"width:812px;height:98px\"\/><\/a><figcaption class=\"wp-element-caption\">Zvani\u010dni Logo<\/figcaption><\/figure>\n<\/div>\n\n<div class=\"wp-block-image\">\n<figure class=\"aligncenter size-large is-resized\"><img decoding=\"async\" src=\"\/wp-content\/uploads\/2022\/05\/logo-visoki-1-edited-1024x683.jpg\" alt=\"\" class=\"wp-image-212\" style=\"width:556px;height:370px\"\/><figcaption class=\"wp-element-caption\">Logo 2<\/figcaption><\/figure>\n<\/div>\n\n\n<p>\u017divimo u vremenu kada je komunikacija izme\u0111u nas jako bitna i neophodna, stoga smatramo da je ovakav vid komunikacije unapre\u0111ivanje na\u0161ih odnosa i dijeljenje adekvatnih informacija koje se ti\u010du na\u0161e zajednice.<\/p>\n\n\n\n<p>Ideja o uspostavljanju zajednice Bo\u0161njaka u Bay Area egzistira od dolaska prvih muhad\u017eira iz na\u0161e domovine na ove prostore.<br>Bili smo svjesni da nas o\u010dekuje mukotrpan rad i zalaganje kako bi uspostavili zajednicu koja \u0107e okupljati na\u0161u djecu, omladinu i na\u0161e starije. Neizmjernu zahvalnost dugujemo prije svega Uzvi\u0161enom Allahu, a nakon toga svim na\u0161im \u010dlanovima koji nisu \u0161tedjeli svoj imetak, svoje vrijeme i zalaganje kako bi danas mogli imati zajednicu koja se svrstava me\u0111u uspje\u0161nje bo\u0161nja\u010dke zajednice na prostoru Sjeverne Amerike. Molimo Allaha da sve na\u0161e vakife, koji su se ugradili u ovu zajednicu na bilo koji na\u010din, nagradi i na dunjaluku i Ahiretu.<\/p>\n\n\n\n<p>Ove godine odu\u010dili smo po\u010deti sa izradom godi\u0161njeg biltena koji \u0107e biti jo\u0161 jedan korak ka ja\u010danju i informisanju na\u0161ih d\u017eematlija o aktivnostima u na\u0161oj zajednici, koja je poslije porodice jedan od najva\u017eniji faktora \u010duvanja na\u0161eg vjerskog i kulturnog identiteta.<br>Smatramo da je neophodno ostaviti pisani trag na\u0161im budu\u0107im generacijama kao svojevrsno kulturno, historijsko pa i vjersko naslije\u0111e te da u budu\u0107nosti bude korisna informacija za izradu monografije ICBAB d\u017eemat San Jose koji \u0107e svjedo\u010diti o vakufu, trudu i \u017eeljama o\u010deva, majki, djedova i na\u0161ih nana.<br><br>Molimo Allaha da \u010duva i ja\u010da na\u0161u zajednicu, i da na\u0161a zajednica bude svjedok dobra za nas na Sudnjem danu.<\/p>\n\n\n\n<figure class=\"wp-block-gallery has-nested-images columns-default is-cropped wp-block-gallery-3 is-layout-flex wp-block-gallery-is-layout-flex\"><\/figure>\n","protected":false},"excerpt":{"rendered":"<p>Islamska Zajednica Bo\u0161njaka Bay Area \u2013 D\u017eemat San Jose je zajednica koji djeluje na podru\u010dju Bay Area sa destinacijom u&hellip;<\/p>\n","protected":false},"author":1,"featured_media":0,"parent":0,"menu_order":0,"comment_status":"closed","ping_status":"closed","template":"","meta":{"footnotes":""},"class_list":["post-83","page","type-page","status-publish","hentry"],"_links":{"self":[{"href":"https:\/\/icbab.org\/index.php\/wp-json\/wp\/v2\/pages\/83","targetHints":{"allow":["GET"]}}],"collection":[{"href":"https:\/\/icbab.org\/index.php\/wp-json\/wp\/v2\/pages"}],"about":[{"href":"https:\/\/icbab.org\/index.php\/wp-json\/wp\/v2\/types\/page"}],"author":[{"embeddable":true,"href":"https:\/\/icbab.org\/index.php\/wp-json\/wp\/v2\/users\/1"}],"replies":[{"embeddable":true,"href":"https:\/\/icbab.org\/index.php\/wp-json\/wp\/v2\/comments?post=83"}],"version-history":[{"count":4,"href":"https:\/\/icbab.org\/index.php\/wp-json\/wp\/v2\/pages\/83\/revisions"}],"predecessor-version":[{"id":1866,"href":"https:\/\/icbab.org\/index.php\/wp-json\/wp\/v2\/pages\/83\/revisions\/1866"}],"wp:attachment":[{"href":"https:\/\/icbab.org\/index.php\/wp-json\/wp\/v2\/media?parent=83"}],"curies":[{"name":"wp","href":"https:\/\/api.w.org\/{rel}","templated":true}]}}